-12
What is -46 (base 11) in base 2?
-110010
What is -88 (base 10) in base 7?
-154
1 (base 12) to base 6
1
Convert -29 (base 12) to base 8.
-41
What is 22 (base 16) in base 2?
100010
What is -15 (base 16) in base 5?
-41
3 (base 5) to base 12
3
What is -1 (base 16) in base 14?
-1
What is 232 (base 4) in base 7?
64
-4 (base 14) to base 9
-4
Convert -17 (base 8) to base 2.
-1111
-a (base 12) to base 10
-10
32 (base 5) to base 11
16
Convert 32 (base 9) to base 12.
25
1100 (base 2) to base 9
13
What is 2 (base 14) in base 3?
2
What is -134 (base 9) in base 7?
-220
Convert 4 (base 7) to base 6.
4
Convert 166 (base 9) to base 3.
12020
Convert 19 (base 14) to base 11.
21
Convert -330 (base 4) to base 13.
-48
Convert -10 (base 9) to base 8.
-11
Convert -84 (base 12) to base 5.
-400
Convert 6 (base 8) to base 3.
20
101 (base 4) to base 6
25
What is 1 (base 5) in base 10?
1
-89 (base 10) to base 7
-155
46 (base 14) to base 10
62
5 (base 7) to base 13
5
Convert 144 (base 5) to base 7.
100
2 (base 10) to base 5
2
What is 544 (base 8) in base 7?
1016
What is -3 (base 6) in base 8?
-3
Convert 7 (base 11) to base 6.
11
-342 (base 6) to base 16
-86
-11010 (base 2) to base 12
-22
-6 (base 12) to base 15
-6
What is 5 (base 10) in base 5?
10
Convert -14a (base 16) to base 10.
-330
Convert -102000 (base 3) to base 7.
-603
-28 (base 10) to base 12
-24
What is 202 (base 5) in base 12?
44
Convert -25 (base 8) to base 2.
-10101
What is 0 (base 11) in base 9?
0
What is 125 (base 8) in base 10?
85
What is -1d (base 15) in base 8?
-34
1 (base 5) to base 3
1
What is -55 (base 6) in base 10?
-35
Convert 11 (base 11) to base 8.
14
Convert 101 (base 3) to base 9.
11
What is -10 (base 5) in base 9?
-5
What is -241 (base 11) in base 6?
-1155
-8 (base 10) to base 16
-8
Convert -3 (base 4) to base 3.
-10
-13 (base 15) to base 7
-24
What is -3 (base 7) in base 14?
-3
Convert -12 (base 6) to base 9.
-8
What is 108 (base 11) in base 3?
11210
What is -224 (base 8) in base 3?
-12111
What is -12 (base 6) in base 12?
-8
Convert 4 (base 5) to base 15.
4
What is -2 (base 15) in base 13?
-2
Convert 3 (base 6) to base 10.
3
8 (base 10) to base 13
8
3 (base 8) to base 14
3
Convert -4 (base 15) to base 10.
-4
-d (base 14) to base 9
-14
What is 0 (base 10) in base 4?
0
-21 (base 11) to base 12
-1b
Convert 29 (base 11) to base 3.
1011
What is 220 (base 7) in base 13?
88
-123 (base 4) to base 9
-30
Convert 10 (base 6) to base 4.
12
What is 3 (base 9) in base 13?
3
Convert 1323 (base 5) to base 12.
159
What is 5 (base 11) in base 12?
5
What is 10001000 (base 2) in base 4?
2020
Convert -2 (base 6) to base 5.
-2
Convert 10 (base 2) to base 5.
2
-110010 (base 2) to base 9
-55
What is 8 (base 14) in base 4?
20
Convert -4 (base 10) to base 15.
-4
Convert 11 (base 11) to base 3.
110
What is -1 (base 4) in base 14?
-1
What is 1001001 (base 2) in base 13?
58
Convert 4 (base 12) to base 16.
4
-240 (base 6) to base 2
-1100000
Convert 16 (base 8) to base 13.
11
Convert 20 (base 6) to base 5.
22
Convert -10001 (base 2) to base 10.
-17
Convert -3 (base 12) to base 2.
-11
-2 (base 11) to base 15
-2
What is -1 (base 8) in base 16?
-1
Convert -324 (base 6) to base 8.
-174
What is 0 (base 3) in base 15?
0
Convert 0 (base 12) to base 5.
0
What is 33 (base 6) in base 8?
25
121 (base 3) to base 2
10000
Convert 1 (base 5) to base 15.
1
What is -2 (base 5) in base 7?
-2
What is 2201 (base 3) in base 12?
61
110 (base 7) to base 4
320
Convert 151 (base 6) to base 4.
1003
Convert -3 (base 15) to base 5.
-3
Convert 0 (base 13) to base 6.
0
What is 4 (base 9) in base 16?
4
Convert c2 (base 15) to base 4.
2312
Convert 11 (base 6) to base 12.
7
4a (base 13) to base 4
332
Convert 29 (base 12) to base 7.
45
What is -1202 (base 3) in base 10?
-47
What is -11 (base 2) in base 13?
-3
10011010 (base 2) to base 12
10a
Convert 11001 (base 2) to base 11.
23
Convert 5 (base 14) to base 11.
5
What is 10 (base 3) in base 11?
3
What is -130 (base 8) in base 5?
-323
What is 12 (base 12) in base 2?
1110
Convert 4 (base 5) to base 10.
4
Convert 8 (base 13) to base 4.
20
Convert 1 (base 5) to base 13.
1
What is 43 (base 16) in base 8?
103
Convert 10 (base 2) to base 9.
2
-18 (base 10) to base 2
-10010
What is -10 (base 2) in base 6?
-2
Convert -16 (base 13) to base 11.
-18
Convert -52 (base 13) to base 14.
-4b
What is -3 (base 14) in base 3?
-10
5 (base 7) to base 6
5
Convert 3 (base 15) to base 13.
3
-8 (base 13) to base 11
-8
Convert 33 (base 13) to base 16.
2a
Convert 13 (base 6) to base 10.
9
-83 (base 12) to base 7
-201
What is 0 (base 4) in base 9?
0
-135 (base 6) to base 15
-3e
What is 5 (base 8) in base 14?
5
-26 (base 15) to base 3
-1100
8 (base 11) to base 8
10
What is 20 (base 3) in base 5?
11
Convert 21 (base 5) to base 2.
1011
-7 (base 11) to base 5
-12
Convert -158 (base 10) to base 6.
-422
Convert 43 (base 7) to base 6.
51
-160 (base 8) to base 4
-1300
What is 27 (base 16) in base 7?
54
Convert -113 (base 11) to base 16.
-87
What is -63 (base 11) in base 4?
-1011
Convert 222 (base 3) to base 9.
28
What is 13 (base 14) in base 12?
15
What is -14 (base 15) in base 4?
-103
What is -49 (base 10) in base 4?
-301
What is 2 (base 11) in base 8?
2
What is 12 (base 3) in base 11?
5
What is -7 (base 16) in base 8?
-7
13 (base 16) to base 7
25
What is -1233 (base 5) in base 15?
-cd
Convert -21 (base 4) to base 2.
-1001
111 (base 7) to base 14
41
Convert -13 (base 12) to base 7.
-21
Convert 247 (base 12) to base 6.
1331
What is -5 (base 11) in base 9?
-5
What is 47 (base 14) in base 9?
70
What is 0 (base 11) in base 3?
0
2 (base 6) to base 16
2
Convert -330 (base 4) to base 2.
-111100
What is -465 (base 8) in base 16?
-135
What is 1d (base 15) in base 11?
26
Convert -4e (base 15) to base 8.
-112
Convert -105 (base 14) to base 3.
-21110
Convert -9a (base 13) to base 14.
-91
-6 (base 7) to base 4
-12
-4 (base 9) to base 14
-4
What is 10 (base 13) in base 10?
13
Convert 2 (base 10) to base 9.
2
Convert 20 (base 8) to base 4.
100
Convert -11 (base 12) to base 13.
-10
-113 (base 4) to base 5
-43
What is 3 (base 9) in base 14?
3
-18 (base 13) to base 12
-19
1224 (base 6) to base 2
100110000
131 (base 16) to base 10
305
What is -10 (base 6) in base 3?
-20
Convert -11 (base 6) to base 9.
-7
What is -133 (base 7) in base 4?
-1021
12 (base 5) to base 8
7
Convert -b0 (base 13) to base 16.
-8f
What is -1 (base 3) in base 11?
-1
20 (base 10) to base 9
22
-2 (base 3) to base 7
-2
What is 19 (base 10) in base 16?
13
Convert 112 (base 3) to base 15.
e
Convert 1011 (base 2) to base 3.
102
What is 5 (base 9) in base 12?
5
-11110 (base 3) to base 13
-93
-105 (base 13) to base 2
-10101110
What is -4 (base 9) in base 8?
-4
Convert -2 (base 16) to base 2.
-10
-16 (base 15) to base 5
-41
What is -1152 (base 6) in base 4?
-10130
-178 (base 11) to base 3
-21122
Convert 2 (base 4) to base 14.
2
What is -4 (base 10) in base 12?
-4
Convert -10111 (base 3) to base 7.
-163
What is -24 (base 13) in base 12?
-26
Convert 12 (base 10) to base 11.
11
Convert -1 (base 9) to base 10.
-1
Convert -5 (base 12) to base 6.
-5
110 (base 2) to base 16
6
-110001 (base 2) to base 12
-41
Convert 2 (base 10) to base 6.
2
What is -220 (base 8) in base 12?
-100
What is -7 (base 9) in base 10?
-7
Convert -4 (base 5) to base 16.
-4
-111100 (base 2) to base 15
-40
Convert 3 (base 10) to base 6.
3
What is 4 (base 12) in base 16?
4
-1 (base 13) to base 8
-1
15 (base 7) to base 3
110
What is -110100 (base 2) in base 9?
-57
152 (base 8) to base 15
71
-10 (base 2) to base 10
-2
Convert -101000000 (base 2) to base 5.
-2240
-12a (base 16) to base 13
-19c
What is -24 (base 5) in base 8?
-16
2 (base 12) to base 15
2
Convert -3a (base 11) to base 15.
-2d
-11 (base 8) to base 3
-100
What is 196 (base 13) in base 11?
246
28 (base 14) to base 10
36
-110 (base 4) to base 15
-15
-13 (base 10) to base 2
-1101
Convert -10011 (base 2) to base 10.
-19
What is -4 (base 8) in base 15?
-4
What is -137 (base 8) in base 9?
-115
Convert -49 (base 13) to base 6.
-141
Convert 101 (base 5) to base 2.
11010
Convert 2 (base 15) to base 5.
2
9 (base 12) to base 9
10
1 (base 12) to base 16
1
What is -79 (base 15) in base 4?
-1302
Convert -3232 (base 4) to base 11.
-1a7
What is -aa (base 15) in base 8?
-240
2 (base 1